 -5*r + 2*c + 640 = 0, -3*c = -r + 2*c + 128. What are the prime factors of r?
2
Let q = -56 + 65. Suppose -881 = -q*z + 73. What are the prime factors of z?
2, 53
Suppose -x = 5*x - 1632. Suppose 5*t - 3*g - 163 - x = 0, 0 = 4*g. What are the prime factors of t?
3, 29
Let z = 50 - -214. Suppose 5*r - 331 = z. List the prime factors of r.
7, 17
Suppose -5*l + 8 + 7 = 0. Let k = -22 - -22. Suppose k = -2*c - 8*a + l*a + 46, 3*c - 19 = 5*a. List the prime factors of c.
13
What are the prime factors of (9 + 3)*764/16?
3, 191
Suppose -9*w + 23*w - 10360 = 0. What are the prime factors of w?
2, 5, 37
Let c = 470 - -4. What are the prime factors of c?
2, 3, 79
Suppose 3*l - 4 = -4*r - 595, 3*r - 2*l + 456 = 0. Let t = 270 + r. List the prime factors of t.
2, 3, 5
Suppose -r = -5 - 8. Suppose 1200 = r*m + 3*m. List the prime factors of m.
3, 5
Let z be (-110)/4*(0 + 4 - 2). Let v = z - -128. List the prime factors of v.
73
Let t be -2 - -1*8 - -4. Suppose -5 = -5*y + t. What are the prime factors of y?
3
Let k = -158 - -1610. What are the prime factors of k?
2, 3, 11
Suppose 10*k + 875 = 38745. What are the prime factors of k?
7, 541
Let v(m) = -4*m**2 + m - 6. Let p be v(-4). Let z = p + 122. What are the prime factors of z?
2, 3
Let o(n) = 22 + 5*n**2 - 7 - 2*n + 1. List the prime factors of o(6).
2, 23
Suppose -8*j + 1675 = -5909. List the prime factors of j.
2, 3, 79
Suppose 3*x = -2*c + 11, -x = -5*c - 0 - 32. Let q be x + -6 - 8/(-2). What are the prime factors of ((-15)/9)/q*-45?
3, 5
Let h = 1475 - 1027. What are the prime factors of h?
2, 7
Let w(p) = -3*p - 29. Let b be w(-12). Suppose -54 = -b*h + 142. List the prime factors of h.
2, 7
Suppose -4*v + 4*i + 2376 = -700, 0 = -3*i + 3. Suppose 3*m + 101 - v = 4*d, -3 = -d. List the prime factors of m.
227
Suppose 0 = -2*k - 0*k + 10. Suppose -105 = -k*m - 5*b + 35, -3*b = m - 32. Let w = 46 - m. What are the prime factors of w?
2, 5
Suppose 2*a + 13 - 19 = 0. Suppose 5*w - o = 332, w - a*o - 69 + 11 = 0. What are the prime factors of w?
67
Suppose 0 = -12*d - 971 + 26867. What are the prime factors of d?
2, 13, 83
Let d be (-1 - -29) + 1/(-1). List the prime factors of (d/(-4))/(45/(-120)).
2, 3
What are the prime factors of (34/4)/(22/1144)?
2, 13, 17
Let k = 18 + -18. Suppose -n + 4*x - 27 = -4, k = 2*n + 4*x + 10. Let m = n + 46. What are the prime factors of m?
5, 7
Suppose -49 = 3*y - 5*z, 4*y = -5*z + 6*z - 37. Suppose 49 = 4*q - 5*h, 12 = 3*h + h. What are the prime factors of 428/q - 2/y?
3
Let s be (-3)/(2/(-524)*-3). Let p = 437 + s. Suppose -4*l + 5*f = -l - p, f = 4*l - 256. What are the prime factors of l?
5, 13
Let n(h) = -3*h**2 + 6*h - h**3 + 0 - 10 + 10*h**2. Let o be ((-6)/(-9))/((-4)/(-42)). What are the prime factors of n(o)?
2
Let g(o) = 147*o + 384. What are the prime factors of g(14)?
2, 3, 11, 37
Let y = -1 + -6. Let l(o) be the first derivative of o**4/4 + 7*o**3/3 - 7*o**2/2 - 8*o - 149. List the prime factors of l(y).
41
Suppose -3*m = -0 - 9, -2*m + 1266 = z. List the prime factors of z.
2, 3, 5, 7
Let d be (-46)/(-11) + 14/(-77). Suppose -n + 66 + 100 = 4*f, d*f = 2*n + 172. Suppose f + 0 = 2*b. What are the prime factors of b?
3, 7
Suppose 0 = -3*m + 1505 + 1. List the prime factors of m.
2, 251
Suppose 0 = p + 2*u + 179, 3*u - 547 = 3*p + 4*u. Let f = -97 - p. What are the prime factors of f?
2, 43
Let m(z) = 45*z**2 - 18*z + 236. List the prime factors of m(10).
2, 17, 67
Let z(x) = x**2 + 6*x + 3. Let b be z(-4). What are the prime factors of -3 + (87 - (-1 - b))?
2, 5
Let z(o) = 38*o**3 - o + 1. Let c be z(1). Suppose 8 - 2 = 2*d. What are the prime factors of (c/6)/(1/d)?
19
Suppose 20*h = 18*h + 2734. What are the prime factors of h?
1367
Suppose -4*g + 995 = 5*m - 0*g, -4*m = -3*g - 827. List the prime factors of m.
7, 29
Let y(n) = 21 + 5*n - 46*n - 4*n. What are the prime factors of y(-2)?
3, 37
Let n(j) = -4*j**2 - j + 8. Let q be n(10). Let p = -272 - q. List the prime factors of p/2*(-2)/(-5).
2, 13
Let i be 1*(4 - 1) + -1. Let d be i + 1 + 0/(-6). What are the prime factors of d*(-3 - -2) - -30?
3
Suppose d = 5*n - 2344, 4*n - 4*d = -d + 1873. What are the prime factors of n?
7, 67
Suppose 4*l + 155 = 1547. List the prime factors of l.
2, 3, 29
Suppose -177 = 4*y - 3437. List the prime factors of y.
5, 163
List the prime factors of ((-132)/55)/(3/(-210)).
2, 3, 7
Suppose 7*h + 25800 = 19*h. What are the prime factors of h?
2, 5, 43
Let i = -540 - -1073. List the prime factors of i.
13, 41
Let r be ((-4)/10)/(2/220). Let m be -1 + (2 - r/2). Suppose 3*x + 0*x = -k + 16, 4*x + k - m = 0. List the prime factors of x.
7
Let q be (-12)/12 + 1*3. Let y = -4 + q. List the prime factors of ((-3)/y)/(6/100).
5
Suppose 3*t - 7*t + 4 = 0, -3*t - 212 = -5*h. Let c = h - 26. What are the prime factors of c?
17
Let s be 3/2 + (-2)/(-4). Let k(x) = -4*x + s*x**2 + 2*x - 4*x + 3*x - 2. List the prime factors of k(-3).
5
Let l = 1 + -2. Let m be (-2 - l)*0/4. Suppose -x - t + 10 = m, -3*x + 4*t = -0*t - 37. List the prime factors of x.
11
Let y(k) = -2*k**2 - 20. Let b be y(0). What are the prime factors of 110/(-2)*(b - -19)?
5, 11
Let u(m) = m**3 + 10*m**2 + 2*m + 6. Let j = -14 - -5. List the prime factors of u(j).
3, 23
Let c(y) = 44*y + 8. Let s(k) = -k + 2. Let q be s(1). What are the prime factors of c(q)?
2, 13
Let c(g) = -4*g**3 - g**2 + g + 1. Let w be c(-1). Suppose 0 = -17*k + 13*k + 144. Suppose -w*l = -7*l + k. What are the prime factors of l?
3
Suppose -15 = -2*w - 1. Suppose 0 = -5*f + 3*y + 55, -2*y - 22 = -w*f + 5*f. What are the prime factors of f?
11
Let v(h) = 7*h**3 - 2*h**2 + 6*h - 5. Let c = 80 + -77. What are the prime factors of v(c)?
2, 23
Let o(z) = z**3 - 9*z**2 + 18*z - 4. Let s be o(7). Suppose -s*q + 715 = -19*q. What are the prime factors of q?
11, 13
Let c = 2927 + -24. List the prime factors of c.
2903
Let q(h) be the first derivative of 7/3*h**3 - 9 - 1/4*h**4 - 2*h**2 - h. What are the prime factors of q(4)?
31
Let c(o) = 3*o + 38. Let r be c(-11). Suppose h - 118 = 5*t, -5*h + r*t - 8*t + 562 = 0. What are the prime factors of h?
113
Suppose 32 + 90 = -2*h. List the prime factors of (6/21)/((-1)/(-7)) - h.
3, 7
Let u = -78 + -23. Let y = 35 + u. What are the prime factors of ((-12)/(-9) - 2)*y?
2, 11
Let m = 31 + -30. What are the prime factors of (3 + 0)*1/(m/38)?
2, 3, 19
Let y = 4918 + -3498. List the prime factors of y.
2, 5, 71
List the prime factors of -3*35/(-45)*3 - -437.
2, 3, 37
Suppose -510 = -2*j - n, -2*n - 1004 = -5*j + j. List the prime factors of j.
11, 23
Suppose 3*l - 3*w + 0*w = 3063, -5*l - 3*w = -5129. List the prime factors of l.
2
Let o(z) = -203*z**3 - z**2 - 2*z. Let u(d) = -d**3 - d**2 - d - 1. Let l(a) = o(a) + 2*u(a). List the prime factors of l(-1).
2, 3, 17
What are the prime factors of -5*(1494/(-45) - -1)?
7, 23
Suppose 4*i = -4*p + 1719 - 171, 3*i = 4*p - 1583. List the prime factors of p.
2, 7
Let z(c) = -500*c - 1376. List the prime factors of z(-9).
2, 11, 71
Let i(o) = o + 10. Let l be i(-6). Suppose 5*t = z - 10, -4*t + 3*t - 2 = -3*z. Suppose z*f + 44 = l*f. List the prime factors of f.
11
What are the prime factors of 5085/(-30)*8/(-3)?
2, 113
Let k(i) be the third derivative of -7*i**4/24 - 2*i**3/3 + i**2. Let a(b) = -4*b - 50. Let n be a(-12). List the prime factors of k(n).
2, 5
Let t be (-14)/(-35) + 8/5. Suppose 0*a - a = -4*p - 73, p - 101 = -t*a. List the prime factors of a.
53
Suppose -3*s + 1992 = -3*o, -o = 2*o - 9. What are the prime factors of s?
23, 29
Let t(i) = 3*i - 57. Suppose 4*w + 5*k = -15, -w - 2*w = -2*k - 6. Let g be t(w). List the prime factors of 8/(-4)*g/2.
3, 19
Let u = -695 + 4048. What are the prime factors of u?
7, 479
List the prime factors of 12016/10 - 4*3/20.
1201
Let s be -34*1*(28/8)/(-7). Suppose -a + 120 = -s. List the prime factors of a.
137
Let m be (-23)/(-6) - 1/(-8 - -2). Suppose f - 86 = m. What are the prime factors of f?
2, 3, 5
Let j(t) = -t**2 + 11*t - 15. List the prime factors of j(6).
3, 5
Let z = 37 + 1054. List the prime factors of z.
1091
Let g = -20 - -24. Suppose -4*f - o + g = -2*f, -5*f - o + 16 = 0. Suppose -125 = -f*v + 139. What are the prime factors of v?
2, 3, 11
Suppose 1319 - 8480 = -21*v. List the prime factors of v.
11